{"id":1021,"date":"2018-07-02T19:13:33","date_gmt":"2018-07-02T22:13:33","guid":{"rendered":"https:\/\/isfdyt35-bue.infd.edu.ar\/sitio\/profesorado-en-quimica\/"},"modified":"2024-12-18T21:09:22","modified_gmt":"2024-12-19T00:09:22","slug":"profesorado-en-quimica","status":"publish","type":"page","link":"https:\/\/isfdyt35-bue.infd.edu.ar\/sitio\/profesorado-en-quimica\/","title":{"rendered":"PROFESORADO EN QU\u00cdMICA"},"content":{"rendered":"\n<p><a href=\"https:\/\/isfdyt35-bue.infd.edu.ar\/sitio\/r-a-m-regimen-academico-marco\/\">R. A. M. (R\u00c9GIMEN ACAD\u00c9MICO MARCO) \u2013 I.S.F.D. y T. N\u00b0 35 \u00abProf. Vicente D&#8217;Abramo\u00bb<\/a><\/p>\n\n\n\n<h6 class=\"wp-block-heading\"><a rel=\"noreferrer noopener\" href=\"https:\/\/drive.google.com\/file\/d\/1AaoM0dEK3Y5Pf7-gD6IOo8fBdO9y7rX5\/view?usp=sharing\" target=\"_blank\">CHARLA INFORMATIVA PROFESORADOS DE CIENCIAS NATURALES.-<\/a><\/h6>\n\n\n\n<p><a href=\"https:\/\/drive.google.com\/file\/d\/1v43k-MiIcXY2-FxifzY8CaLmGJBoezIU\/view?usp=drivesdk\" target=\"_blank\" rel=\"noreferrer noopener\">SOBRE NUESTRAS CARRERAS<\/a><\/p>\n\n\n\n<p><a href=\"https:\/\/isfdyt35-bue.infd.edu.ar\/sitio\/ciencias-naturales\/\" target=\"_blank\" rel=\"noreferrer noopener\">SITIO INSTITUCIONAL PROFESORADOS DE CIENCIAS NATURALES<\/a><\/p>\n\n\n\n<ol>\n<li>Denominaci\u00f3n de la carrera<br>Profesorado de Educaci\u00f3n Secundaria en Qu\u00edmica.<\/li>\n\n\n\n<li>T\u00edtulo a otorgar<br>Profesora\/Profesor de Educaci\u00f3n Secundaria en Qu\u00edmica.<\/li>\n\n\n\n<li>Duraci\u00f3n de la carrera en a\u00f1os acad\u00e9micos<br>Duraci\u00f3n de la carrera: 4 a\u00f1os.<\/li>\n\n\n\n<li>Carga horaria total de la carrera<br>Carga horaria total de la carrera: 3008 hs reloj.<\/li>\n\n\n\n<li>Condiciones de ingreso: t\u00edtulo secundario y\/o constancia de t\u00edtulo en tr\u00e1mite.<\/li>\n<\/ol>\n\n\n\n<p><strong>ALCANCES DEL T\u00cdTULO<\/strong><\/p>\n\n\n\n<ul>\n<li>Desempe\u00f1ar la profesi\u00f3n docente en el Nivel Secundario, \u2013 tanto en el Ciclo B\u00e1sico como en todas sus modalidades y orientaciones- en establecimientos p\u00fablicos y privados.<\/li>\n\n\n\n<li>Gestionar la organizaci\u00f3n y el funcionamiento de laboratorios de qu\u00edmica y\/o de ciencias naturales, en car\u00e1cter de encargado o ayudante t\u00e9cnico, en instituciones educativas u otros \u00e1mbitos.<\/li>\n\n\n\n<li>Participar en tareas de investigaci\u00f3n y capacitaci\u00f3n afines a su campo de estudio, en espacios laborales educativos p\u00fablicos o privados.<\/li>\n\n\n\n<li>Integrar equipos de trabajo junto a profesionales del \u00e1rea de incumbencia, dise\u00f1ando, coordinando y ejecutando actividades espec\u00edficas.<\/li>\n<\/ul>\n\n\n\n<p><strong>PERFIL DEL EGRESADO<\/strong><\/p>\n\n\n\n<p>Este trayecto inicial de la formaci\u00f3n docente permite crear relaciones entre el campo de la formaci\u00f3n general, los contenidos disciplinares y las pr\u00e1cticas pedag\u00f3gicas, formando un profesional competente para atender la ense\u00f1anza en las diversas orientaciones y contextos de la educaci\u00f3n secundaria.<\/p>\n\n\n\n<p>El Profesor de Educaci\u00f3n Secundaria en Qu\u00edmica est\u00e1 capacitado para:<\/p>\n\n\n\n<ul>\n<li>Generar espacios de aprendizaje que atiendan a la alfabetizaci\u00f3n cient\u00edfica de los ciudadanos del siglo XXI<\/li>\n\n\n\n<li>Contextualizar los contenidos a ense\u00f1ar en relaci\u00f3n a aspectos de la vida cotidiana, sus aportes hist\u00f3ricos y actuales a la ciencia y la tecnolog\u00eda, y el estudio de controversias de car\u00e1cter socio-cient\u00edfico.<\/li>\n\n\n\n<li>Ser una persona aut\u00f3noma, cr\u00edtica y proactiva, que promueve y facilita el trabajo colaborativo, y aborda situaciones priorizando aspectos humanos.<\/li>\n\n\n\n<li>Poseer una mirada reflexiva sobre los resultados de su labor pedag\u00f3gica.<\/li>\n<\/ul>\n\n\n\n<p><span style=\"font-family: arial,helvetica,sans-serif; font-size: 14pt;\"><mark style=\"background-color:rgba(0, 0, 0, 0)\" class=\"has-inline-color has-vivid-cyan-blue-color\"><strong>Duraci\u00f3n de la carrera:<\/strong><\/mark> 4 a\u00f1os &#8211;  RESOC-2022-3610-GDEBA-DGCYE<\/span><\/p>\n\n\n\n<p><strong><span class=\"has-inline-color has-vivid-cyan-blue-color\">Horarios de cursada:<\/span><\/strong> 1\u00b0 y 2\u00b0 a\u00f1o turno tarde, pr\u00e1cticas en contraturno &#8211; 3\u00b0 y 4\u00b0 a\u00f1o turno vespertino pr\u00e1cticas en contraturno.-<\/p>\n\n\n\n<p><strong><span class=\"has-inline-color has-vivid-cyan-blue-color\">Jefe de \u00c1rea:<\/span> <\/strong>Licenciado M\u00e9ndez H\u00e9ctor.<\/p>\n\n\n\n<p><mark style=\"background-color:rgba(0, 0, 0, 0)\" class=\"has-inline-color has-vivid-cyan-blue-color\"><strong>Preceptores: <\/strong><\/mark>Profesora Edi Altamirano<span style=\"font-family: arial,helvetica,sans-serif; font-size: 14pt;\"> en TV<\/span> y Profesor <span style=\"font-family: arial,helvetica,sans-serif; font-size: 14pt;\">Nicolas Diaz Morales en TT<\/span><\/p>\n\n\n\n<p><strong><mark style=\"background-color:rgba(0, 0, 0, 0)\" class=\"has-inline-color has-vivid-cyan-blue-color\">Contacto de la Carrera:<a href=\"mailto:precefqb35@gmail.com\">  <\/a><\/mark><\/strong><mark style=\"background-color:rgba(0, 0, 0, 0)\" class=\"has-inline-color has-vivid-cyan-blue-color\"><a href=\"mailto:precefqb35@gmail.com\">precefqb35@gmail.com<\/a> <\/mark><\/p>\n\n\n\n<p><a href=\"https:\/\/isfdyt35-bue.infd.edu.ar\/sitio\/wp-content\/uploads\/2024\/08\/PROFESORADO-DE-QUIMICA-DISENO-CURRICULAR.pdf\" target=\"_blank\" rel=\"noreferrer noopener\">DISE\u00d1O CURRICULAR PROFESORADO DE QU\u00cdMICA<\/a><\/p>\n\n\n\n<p><\/p>\n\n\n\n<p><\/p>\n","protected":false},"excerpt":{"rendered":"<p>R. A. M. (R\u00c9GIMEN ACAD\u00c9MICO MARCO) \u2013 I.S.F.D. y T. N\u00b0 35 \u00abProf. Vicente D&#8217;Abramo\u00bb CHARLA INFORMATIVA PROFESORADOS DE CIENCIAS NATURALES.- SOBRE NUESTRAS CARRERAS SITIO INSTITUCIONAL PROFESORADOS DE CIENCIAS NATURALES ALCANCES DEL T\u00cdTULO PERFIL DEL EGRESADO Este trayecto inicial de la formaci\u00f3n docente permite crear relaciones entre el campo de la formaci\u00f3n general, los contenidos &#8230; <a title=\"PROFESORADO EN QU\u00cdMICA\" class=\"read-more\" href=\"https:\/\/isfdyt35-bue.infd.edu.ar\/sitio\/profesorado-en-quimica\/\" aria-label=\"More on PROFESORADO EN QU\u00cdMICA\">[+]<\/a><\/p>\n","protected":false},"author":5469,"featured_media":0,"parent":0,"menu_order":0,"comment_status":"closed","ping_status":"closed","template":"","meta":[],"acf":[],"_links":{"self":[{"href":"https:\/\/isfdyt35-bue.infd.edu.ar\/sitio\/wp-json\/wp\/v2\/pages\/1021"}],"collection":[{"href":"https:\/\/isfdyt35-bue.infd.edu.ar\/sitio\/wp-json\/wp\/v2\/pages"}],"about":[{"href":"https:\/\/isfdyt35-bue.infd.edu.ar\/sitio\/wp-json\/wp\/v2\/types\/page"}],"author":[{"embeddable":true,"href":"https:\/\/isfdyt35-bue.infd.edu.ar\/sitio\/wp-json\/wp\/v2\/users\/5469"}],"replies":[{"embeddable":true,"href":"https:\/\/isfdyt35-bue.infd.edu.ar\/sitio\/wp-json\/wp\/v2\/comments?post=1021"}],"version-history":[{"count":39,"href":"https:\/\/isfdyt35-bue.infd.edu.ar\/sitio\/wp-json\/wp\/v2\/pages\/1021\/revisions"}],"predecessor-version":[{"id":8315,"href":"https:\/\/isfdyt35-bue.infd.edu.ar\/sitio\/wp-json\/wp\/v2\/pages\/1021\/revisions\/8315"}],"wp:attachment":[{"href":"https:\/\/isfdyt35-bue.infd.edu.ar\/sitio\/wp-json\/wp\/v2\/media?parent=1021"}],"curies":[{"name":"wp","href":"https:\/\/api.w.org\/{rel}","templated":true}]}}