{"id":1033,"date":"2018-07-02T19:13:36","date_gmt":"2018-07-02T22:13:36","guid":{"rendered":"https:\/\/isfdyt35-bue.infd.edu.ar\/sitio\/profesorado-en-educacion-especial\/"},"modified":"2025-11-11T17:04:53","modified_gmt":"2025-11-11T20:04:53","slug":"profesorado-en-educacion-especial","status":"publish","type":"page","link":"https:\/\/isfdyt35-bue.infd.edu.ar\/sitio\/profesorado-en-educacion-especial\/","title":{"rendered":"PROFESORADO EN EDUCACI\u00d3N ESPECIAL"},"content":{"rendered":"\n<p><a href=\"https:\/\/isfdyt35-bue.infd.edu.ar\/sitio\/r-a-m-regimen-academico-marco\/\">R. A. M. (R\u00c9GIMEN ACAD\u00c9MICO MARCO) \u2013 I.S.F.D. y T. N\u00b0 35 \u00abProf. Vicente D&#8217;Abramo\u00bb<\/a><\/p>\n\n\n<h2><a href=\"https:\/\/drive.google.com\/file\/d\/1BBZ2XokXoZQMBU-9HfuRd6lZu9Y4h2yc\/view?usp=sharing\" target=\"_blank\" rel=\"noopener\">CHARLA INFORMATIVA PROFESORADO EDUCACI\u00d3N ESPECIAL<\/a><\/h2>\n<p>\u00a0<\/p>\n<p>Profesorado en Educaci\u00f3n Especial<\/p>\n<p><strong>El profesional podr\u00e1 planificar, conducir y evaluar procesos de ense\u00f1anza \u2013 aprendizaje y aspectos te\u00f3rico-metodol\u00f3gicos para alumnos en Situaci\u00f3n de Discapacidad temporal o permanente.<\/strong><\/p>\n<p>Datos Generales:<\/p>\n<ul>\n<li><strong>T\u00edtulo<\/strong>: Profesora\/or en Educaci\u00f3n Especial.<\/li>\n<li><strong>Nivel<\/strong>: Superior<\/li>\n<li><strong>Duraci\u00f3n<\/strong>: Cuatro (4) a\u00f1os.<\/li>\n<li><strong>Turno<\/strong>: ma\u00f1ana<\/li>\n<li><strong>Pr\u00e1cticas: <\/strong>contraturno<\/li>\n<li><strong>Resoluci\u00f3n<\/strong>: Corresponde al Expediente N\u00ba 5812-3.877.005\/08 y agreg. N\u00ba 5801-3.934.713\/08<\/li>\n<li><strong>Horarios de cursada:<\/strong> Lunes a viernes de 8 a 12 hs, S\u00e1bados de 8 a 12 y Pr\u00e1cticas en contraturno.-<\/li>\n<\/ul>\n<p><strong>Perfil del t\u00edtulo<\/strong><\/p>\n<p>El profesor en Educaci\u00f3n Especial, adquirir\u00e1 a trav\u00e9s del recorrido curricular previsto para obtener su t\u00edtulo, los siguientes conocimientos, capacidades y actitudes:<\/p>\n<ul>\n<li>Conocimiento Cient\u00edfico de disciplinas biol\u00f3gicas, pedag\u00f3gico \u2013 did\u00e1cticas, psicol\u00f3gicas y sociol\u00f3gicas, que le permitan comprender los procesos de ense\u00f1anza aprendizaje de personas en situaci\u00f3n de discapacidad temporal o permanente, con o sin trastornos en el desarrollo, Conocimientos propios de la formaci\u00f3n docente para la Educaci\u00f3n General B\u00e1sica, a fin de poder actuar como agente en los procesos de integraci\u00f3n a la educaci\u00f3n com\u00fan de sujetos en situaci\u00f3n de discapacidad temporal o permanente, con o sin trastornos en el desarrollo.<\/li>\n<li>Conocimientos de la estructura y el desarrollo humano a fin de poder abordar el trabajo educativo desde el nacimiento y en todas las etapas de la vida.<\/li>\n<li>Capacidad para sostener un modo particular de escucha, atendiendo a la din\u00e1mica transferencial, para poder abordar el sujeto y comprenderlo en relaci\u00f3n a la demanda que le adviene de los padres y de la comunidad.<\/li>\n<li>Habilidad para seleccionar, implementar y evaluar metodolog\u00edas innovadoras de ense\u00f1anza, que contemplen las demandas de la Educaci\u00f3n General B\u00e1sica, que favorezcan la construcci\u00f3n del propio conocimiento y permitan la integraci\u00f3n social de la persona en situaci\u00f3n de discapacidad temporal o permanente.<\/li>\n<li>Actitud cr\u00edtica y flexible que le permita una evaluaci\u00f3n continua de su tarea profesional y la incorporaci\u00f3n de los cambios que demanda la acci\u00f3n educativa.<\/li>\n<li>Actitud de respeto e integraci\u00f3n a los diferentes grupos con quienes compartir\u00e1 su actividad profesional.<\/li>\n<li>Actitud \u00e9tica y compromiso ante la profesi\u00f3n docente.<\/li>\n<\/ul>\n<p><a href=\"https:\/\/www.facebook.com\/groups\/1841865382748255\/\" target=\"_blank\" rel=\"noopener\">FACEBOOK DE NUESTRO PROFESORADO DE EDUCACI\u00d3N ESPECIAL<\/a><\/p>\n<p><span style=\"color: #000080; text-decoration: underline;\"><span style=\"font-family: arial,helvetica,sans-serif; font-size: 14pt;\"><strong>Referentes de la carrera: <\/strong><\/span><\/span><span style=\"font-family: arial,helvetica,sans-serif; font-size: 14pt;\">Prof. \u00c1ngeles Vazquez<\/span><\/p>\n<p><span style=\"color: #000080; text-decoration: underline;\"><span style=\"font-family: arial,helvetica,sans-serif; font-size: 14pt;\"><strong>Preceptor:<\/strong><\/span><\/span><span style=\"font-family: arial,helvetica,sans-serif; font-size: 14pt;\"> Profesor H\u00e9ctor C\u00f3ceres<\/span><\/p>\n<p><span style=\"color: #000080; text-decoration: underline;\"><span style=\"font-family: arial,helvetica,sans-serif; font-size: 14pt;\"><strong>Contacto de la carrera: \u00a0<\/strong><\/span><\/span><a href=\"mailto:especial.isfd35@gmail.com\">especial.isfd35@gmail.com<\/a><\/p>\n<p><span style=\"font-family: arial,helvetica,sans-serif; font-size: 14pt;\"><a href=\"http:\/\/servicios.abc.gov.ar\/lainstitucion\/organismos\/consejogeneral\/disenioscurriculares\/documentosdescarga\/res1009-09_educ_especial.pdf\">PLAN DE LA CARRERA Y correlatividades<\/a><\/span><\/p>\n<p><a href=\"https:\/\/isfdyt35-bue.infd.edu.ar\/sitio\/wp-content\/uploads\/2021\/11\/ANEXO-PROPUESTA-CURRICULAR-PROFESORADO-DE-EDUCACION-ESPECIAL-ORIENTACION-INTELECTUALES.pdf\" target=\"_blank\" rel=\"noopener\">ESTRUCTURA DE LAS MATERIAS ORDENADAS POR A\u00d1O<\/a><\/p>\n<p>\u00a0<\/p>\n\n\n<p><\/p>\n\n\n\n<p><\/p>\n\n\n\n<p><\/p>\n\n\n\n<h2 class=\"wp-block-heading\"><\/h2>\n","protected":false},"excerpt":{"rendered":"<p>R. A. M. (R\u00c9GIMEN ACAD\u00c9MICO MARCO) \u2013 I.S.F.D. y T. N\u00b0 35 \u00abProf. Vicente D&#8217;Abramo\u00bb CHARLA INFORMATIVA PROFESORADO EDUCACI\u00d3N ESPECIAL \u00a0 Profesorado en Educaci\u00f3n Especial El profesional podr\u00e1 planificar, conducir y evaluar procesos de ense\u00f1anza \u2013 aprendizaje y aspectos te\u00f3rico-metodol\u00f3gicos para alumnos en Situaci\u00f3n de Discapacidad temporal o permanente. Datos Generales: T\u00edtulo: Profesora\/or en Educaci\u00f3n &#8230; <a title=\"PROFESORADO EN EDUCACI\u00d3N ESPECIAL\" class=\"read-more\" href=\"https:\/\/isfdyt35-bue.infd.edu.ar\/sitio\/profesorado-en-educacion-especial\/\" aria-label=\"More on PROFESORADO EN EDUCACI\u00d3N ESPECIAL\">[+]<\/a><\/p>\n","protected":false},"author":4004,"featured_media":0,"parent":0,"menu_order":0,"comment_status":"closed","ping_status":"closed","template":"","meta":[],"acf":[],"_links":{"self":[{"href":"https:\/\/isfdyt35-bue.infd.edu.ar\/sitio\/wp-json\/wp\/v2\/pages\/1033"}],"collection":[{"href":"https:\/\/isfdyt35-bue.infd.edu.ar\/sitio\/wp-json\/wp\/v2\/pages"}],"about":[{"href":"https:\/\/isfdyt35-bue.infd.edu.ar\/sitio\/wp-json\/wp\/v2\/types\/page"}],"author":[{"embeddable":true,"href":"https:\/\/isfdyt35-bue.infd.edu.ar\/sitio\/wp-json\/wp\/v2\/users\/4004"}],"replies":[{"embeddable":true,"href":"https:\/\/isfdyt35-bue.infd.edu.ar\/sitio\/wp-json\/wp\/v2\/comments?post=1033"}],"version-history":[{"count":37,"href":"https:\/\/isfdyt35-bue.infd.edu.ar\/sitio\/wp-json\/wp\/v2\/pages\/1033\/revisions"}],"predecessor-version":[{"id":9149,"href":"https:\/\/isfdyt35-bue.infd.edu.ar\/sitio\/wp-json\/wp\/v2\/pages\/1033\/revisions\/9149"}],"wp:attachment":[{"href":"https:\/\/isfdyt35-bue.infd.edu.ar\/sitio\/wp-json\/wp\/v2\/media?parent=1033"}],"curies":[{"name":"wp","href":"https:\/\/api.w.org\/{rel}","templated":true}]}}