{"id":1037,"date":"2018-07-02T19:13:38","date_gmt":"2018-07-02T22:13:38","guid":{"rendered":"https:\/\/isfdyt35-bue.infd.edu.ar\/sitio\/tecnicatura-superior-en-bibliotecologia-tsb\/"},"modified":"2024-12-18T21:13:12","modified_gmt":"2024-12-19T00:13:12","slug":"tecnicatura-superior-en-bibliotecologia-tsb","status":"publish","type":"page","link":"https:\/\/isfdyt35-bue.infd.edu.ar\/sitio\/tecnicatura-superior-en-bibliotecologia-tsb\/","title":{"rendered":"TECNICATURA SUPERIOR EN BIBLIOTECOLOG\u00cdA (TSB)"},"content":{"rendered":"\n<p><a href=\"https:\/\/isfdyt35-bue.infd.edu.ar\/sitio\/r-a-m-regimen-academico-marco\/\">R. A. M. (R\u00c9GIMEN ACAD\u00c9MICO MARCO) \u2013 I.S.F.D. y T. N\u00b0 35 \u00abProf. Vicente D&#8217;Abramo\u00bb<\/a><\/p>\n\n\n\n<div class=\"wp-block-group is-layout-flow\"><div class=\"wp-block-group__inner-container\">\n<p><a rel=\"noreferrer noopener\" href=\"https:\/\/drive.google.com\/file\/d\/1YOqR_h6h0WprmfVf8_5BCd3Q3QKIyElq\/view?usp=sharing\" target=\"_blank\">CHARLA INFORMATIVA BIBLIOTECOLOG\u00cdA.-<\/a><\/p>\n\n\n\n<p><strong>PERFIL DEL EGRESADO<\/strong><br>El Bibliotecario es un profesional capacitado para trabajar en el campo de la Informaci\u00f3n y la Documentaci\u00f3n, a cargo de la<br>gesti\u00f3n, organizaci\u00f3n, planificaci\u00f3n, programaci\u00f3n y evaluaci\u00f3n de todo lo concerniente a Unidades y Sistemas de Informaci\u00f3n,<br>tanto generales, especiales como especializadas.<br>Es un profesional consciente de que el hombre social de hoy, depende cada vez m\u00e1s de la informaci\u00f3n, del conocimiento, de la creatividad individual y colectiva y de su alfabetizaci\u00f3n inform\u00e1tica, para integrarse a la cultura que imponen los tiempos<br>actuales y para la correcta toma de decisiones.<br>Es un profesional id\u00f3neo, con el conocimiento de las bases te\u00f3ricas que le permiten comprender al hombre, su realidad social, pol\u00edtica y econ\u00f3mica, e interpretar la demanda de informaci\u00f3n de todos los actores sociales.<br>En s\u00edntesis: El Bibliotecario es un profesional capacitado para trabajar en el campo de la Informaci\u00f3n documental, que<br>proyecta, planifica, administra, gestiona y eval\u00faa, todo lo concerniente a Unidades de Informaci\u00f3n tanto generales, especiales como especializadas; participa en la proyecci\u00f3n y dise\u00f1o de Sistemas de Informaci\u00f3n con el objeto de detectar las necesidades de informaci\u00f3n de la comunidad para satisfacerlas desde la funci\u00f3n social que le es propia.<br>Las \u00e1reas de competencia del Bibliotecario son las siguientes:<\/p>\n\n\n\n<ul>\n<li>Organizar, administrar y desarrollar Unidades de Informaci\u00f3n adelant\u00e1ndose a las<br>utilizando incentivos para que los usuarios conozcan y hagan uso de los nuevos medios<br>de acceso a la informaci\u00f3n y de sus servicios, con el prop\u00f3sito de posibilitar la equidad<br>y la democratizaci\u00f3n de la informaci\u00f3n.<\/li>\n\n\n\n<li>Identificar, procesar y diseminar la informaci\u00f3n.<\/li>\n\n\n\n<li>Elaborar diagn\u00f3sticos locales, regionales y nacionales fundamentados en estudios de la<br>realidad para intervenir en el dise\u00f1o de pol\u00edticas de informaci\u00f3n.<\/li>\n\n\n\n<li>Dise\u00f1ar, organizar y ejecutar programas y proyectos de servicios, utilizando tecnolog\u00edas<br>y aplicando la reingenier\u00eda en los procesos que as\u00ed lo requieran.<\/li>\n\n\n\n<li>Organizar, administrar y desarrollar Unidades de Informaci\u00f3n adelant\u00e1ndose a las demandas y necesidades de los usuarios,<\/li>\n\n\n\n<li>teniendo en cuenta los avances inform\u00e1ticos, utilizando incentivos para que los usuarios conozcan y hagan uso de los nuevos<\/li>\n\n\n\n<li>medios de acceso a la informaci\u00f3n y de sus servicios, con el prop\u00f3sito de posibilitar la equidad y la democratizaci\u00f3n de la<\/li>\n\n\n\n<li>informaci\u00f3n.<\/li>\n\n\n\n<li>Organizar Unidades de Informaci\u00f3n, atendiendo al perfil del usuario, de acuerdo con los criterios establecidos en las normas espec\u00edficas.<\/li>\n\n\n\n<li>Administrar Unidades de Informaci\u00f3n impulsando pol\u00edticas y planes de acci\u00f3n tendientes a facilitar y promover el uso y acceso a la informaci\u00f3n.<\/li>\n\n\n\n<li>Desarrollar productos y servicios informaci\u00f3n basados en la calidad y satisfacci\u00f3n de los usuarios.<\/li>\n\n\n\n<li>Aplicar las tecnolog\u00edas relativas al campo de la informaci\u00f3n como herramienta imprescindible para facilitar el acceso y aprovechamiento de los recursos de informaci\u00f3n.<\/li>\n\n\n\n<li>Orientar al usuario en la b\u00fasqueda de informaci\u00f3n, en todo tipo de soporte.<\/li>\n\n\n\n<li>Dise\u00f1ar proyectos y programas que atiendan las demandas de los diferentes usuarios.<\/li>\n\n\n\n<li> Administrar los recursos, para brindar un servicio de eficacia y eficiencia, en un \u00e1mbito de trabajo responsable y cooperativo.<\/li>\n\n\n\n<li>Identificar, procesar y diseminar la informaci\u00f3n.<\/li>\n\n\n\n<li> Identificar las distintas fuentes, recursos y tipos de informaci\u00f3n.<\/li>\n\n\n\n<li>Desarrollar criterios y habilidades para la organizaci\u00f3n y tratamiento de la informaci\u00f3n.<\/li>\n\n\n\n<li>Aplicar metodolog\u00edas y herramientas, as\u00ed como principios y aspectos te\u00f3ricos que sustentan el an\u00e1lisis de la informaci\u00f3n, con el prop\u00f3sito de su posterior recuperaci\u00f3n.<\/li>\n\n\n\n<li>Dise\u00f1ar y crear productos de informaci\u00f3n utilizando las tecnolog\u00edas apropiadas para el uso interno y\/o externo de la organizaci\u00f3n y sus usuarios.<\/li>\n\n\n\n<li>Evaluar los resultados del uso de la informaci\u00f3n e investigar soluciones de los problemas relacionados al manejo de informaci\u00f3n.<\/li>\n\n\n\n<li>Utilizar distintas redes inform\u00e1ticas manteniendo una comunicaci\u00f3n constante y flu\u00edda entre las distintas instituciones con el fin de fortalecer el intercambio.<\/li>\n\n\n\n<li>Elaborar diagn\u00f3sticos locales, regionales y nacionales fundamentados en estudios de la<br>realidad para intervenir en el dise\u00f1o de pol\u00edticas de informaci\u00f3n.<br>Corresponde al Expediente No 5801- 2.386.575\/02<br>Rectificada por Resoluci\u00f3n N \u00b0 1541\/04<\/li>\n\n\n\n<li> Identificar las distintas tipolog\u00edas bibliotecarias, misi\u00f3n y \u00e1mbito de desarrollo<br>para elaborar pol\u00edticas pertinentes.<\/li>\n\n\n\n<li>Intervenir en estudios diagn\u00f3sticos de servicios de informaci\u00f3n a su cargo o<br>externos, con el objeto de dise\u00f1ar la formulaci\u00f3n de pol\u00edticas de informaci\u00f3n,<br>locales, regionales o nacionales.<\/li>\n\n\n\n<li>Asesorar a los estamentos correspondientes sobre la importancia del<br>establecimiento de Sistemas de Informaci\u00f3n locales, regionales y nacionales.<\/li>\n\n\n\n<li>Dise\u00f1ar, organizar y ejecutar programas y proyectos de servicios, utilizando tecnolog\u00edas y<br>aplicando la reingenier\u00eda en los procesos que as\u00ed lo requieran<\/li>\n\n\n\n<li>Identificar los problemas del contexto y del servicio y utilizarlos<br>como insumo para el dise\u00f1o.<\/li>\n\n\n\n<li>Dise\u00f1ar programas de extensi\u00f3n tendientes a la promoci\u00f3n y<br>acceso a la informaci\u00f3n.<\/li>\n\n\n\n<li>Impulsar proyectos y programas que garanticen la calidad del servicio y<\/li>\n\n\n\n<li>Promover la lectura como oferta indispensable y constante de la labor cotidiana.<\/li>\n\n\n\n<li>El desempe\u00f1o de este profesional se desarrolla en espacios culturales y de investigaci\u00f3n en los que se hace necesario dise\u00f1ar servicios de informaci\u00f3n para los usuarios, interpretando y detectando las necesidades y demandas del entorno, operando como facilitador en el acceso a la informaci\u00f3n a trav\u00e9s de productos y servicios especializados.<\/li>\n\n\n\n<li>Su actuaci\u00f3n profesional podr\u00e1 realizarse en: Unidades de Informaci\u00f3n o Bibliotecas de diferentes tama\u00f1os y tipos: universitarias,  empresariales, p\u00fablicas, privadas, populares, de<\/li>\n\n\n\n<li>investigaci\u00f3n, especiales y especializadas, adem\u00e1s de centros de informaci\u00f3n y documentaci\u00f3n, bases de datos, centros de medios, redes de telecomunicaciones, centros de recursos para el aprendizaje, archivos y otros.<\/li>\n<\/ul>\n\n\n\n<p><\/p>\n<\/div><\/div>\n\n\n<h5><span style=\"color: #000080; text-decoration: underline;\"><span style=\"font-family: arial,helvetica,sans-serif; font-size: 14pt;\"><strong>Duraci\u00f3n: <\/strong><\/span><\/span><span style=\"font-family: arial,helvetica,sans-serif; font-size: 14pt;\">3 a\u00f1os<\/span><\/h5>\n<h5><span style=\"color: #000080; text-decoration: underline;\"><span style=\"font-family: arial,helvetica,sans-serif; font-size: 14pt;\"><strong>Jefe de \u00c1rea: <\/strong><\/span><\/span><span style=\"font-family: arial,helvetica,sans-serif; font-size: 14pt;\">Prof. Perez Diaz Mirta<\/span><\/h5>\n<p><span style=\"color: #000080; text-decoration: underline;\"><span style=\"font-family: arial,helvetica,sans-serif; font-size: 14pt;\"><strong>Preceptora:<\/strong><\/span><\/span><span style=\"font-family: arial,helvetica,sans-serif; font-size: 14pt;\">&nbsp; Profesora Griselda Ruiz Diaz<\/span><\/p>\n<p><a href=\"https:\/\/isfdyt35-bue.infd.edu.ar\/sitio\/wp-content\/uploads\/2024\/11\/PLAN-DE-ESTUDIOS_TSB_RM-5497-23.pdf\">DISE\u00d1O CURRICULAR TECNICATURA SUPERIOR EN BIBLIOTECOLOG\u00cdA<\/a><\/p>\n<p><\/p>\n<p><!--more--><\/p>\n\n\n<p><\/p>\n","protected":false},"excerpt":{"rendered":"<p>R. A. M. (R\u00c9GIMEN ACAD\u00c9MICO MARCO) \u2013 I.S.F.D. y T. N\u00b0 35 \u00abProf. Vicente D&#8217;Abramo\u00bb CHARLA INFORMATIVA BIBLIOTECOLOG\u00cdA.- PERFIL DEL EGRESADOEl Bibliotecario es un profesional capacitado para trabajar en el campo de la Informaci\u00f3n y la Documentaci\u00f3n, a cargo de lagesti\u00f3n, organizaci\u00f3n, planificaci\u00f3n, programaci\u00f3n y evaluaci\u00f3n de todo lo concerniente a Unidades y Sistemas de &#8230; <a title=\"TECNICATURA SUPERIOR EN BIBLIOTECOLOG\u00cdA (TSB)\" class=\"read-more\" href=\"https:\/\/isfdyt35-bue.infd.edu.ar\/sitio\/tecnicatura-superior-en-bibliotecologia-tsb\/\" aria-label=\"More on TECNICATURA SUPERIOR EN BIBLIOTECOLOG\u00cdA (TSB)\">[+]<\/a><\/p>\n","protected":false},"author":4004,"featured_media":0,"parent":0,"menu_order":0,"comment_status":"closed","ping_status":"closed","template":"","meta":[],"acf":[],"_links":{"self":[{"href":"https:\/\/isfdyt35-bue.infd.edu.ar\/sitio\/wp-json\/wp\/v2\/pages\/1037"}],"collection":[{"href":"https:\/\/isfdyt35-bue.infd.edu.ar\/sitio\/wp-json\/wp\/v2\/pages"}],"about":[{"href":"https:\/\/isfdyt35-bue.infd.edu.ar\/sitio\/wp-json\/wp\/v2\/types\/page"}],"author":[{"embeddable":true,"href":"https:\/\/isfdyt35-bue.infd.edu.ar\/sitio\/wp-json\/wp\/v2\/users\/4004"}],"replies":[{"embeddable":true,"href":"https:\/\/isfdyt35-bue.infd.edu.ar\/sitio\/wp-json\/wp\/v2\/comments?post=1037"}],"version-history":[{"count":30,"href":"https:\/\/isfdyt35-bue.infd.edu.ar\/sitio\/wp-json\/wp\/v2\/pages\/1037\/revisions"}],"predecessor-version":[{"id":8318,"href":"https:\/\/isfdyt35-bue.infd.edu.ar\/sitio\/wp-json\/wp\/v2\/pages\/1037\/revisions\/8318"}],"wp:attachment":[{"href":"https:\/\/isfdyt35-bue.infd.edu.ar\/sitio\/wp-json\/wp\/v2\/media?parent=1037"}],"curies":[{"name":"wp","href":"https:\/\/api.w.org\/{rel}","templated":true}]}}