{"id":1850,"date":"2019-12-05T14:42:41","date_gmt":"2019-12-05T17:42:41","guid":{"rendered":"https:\/\/isfdyt35-bue.infd.edu.ar\/sitio\/?page_id=1850"},"modified":"2025-06-04T17:07:25","modified_gmt":"2025-06-04T20:07:25","slug":"profesorado-en-historia","status":"publish","type":"page","link":"https:\/\/isfdyt35-bue.infd.edu.ar\/sitio\/profesorado-en-historia\/","title":{"rendered":"PROFESORADO DE HISTORIA"},"content":{"rendered":"\n<p class=\"has-text-align-center has-x-large-font-size\"><a rel=\"noreferrer noopener\" href=\"https:\/\/isfdyt35.opac.ar\/\" target=\"_blank\">CAT\u00c1LOGO DE LA BIBLIOTECA DEL ISFDyT 35<\/a><\/p>\n\n\n\n<figure class=\"wp-block-embed is-type-wp-embed is-provider-i-s-f-d-y-t-n-35-quot-prof-vicente-d-039-abramo-quot wp-block-embed-i-s-f-d-y-t-n-35-quot-prof-vicente-d-039-abramo-quot\"><div class=\"wp-block-embed__wrapper\">\n<blockquote class=\"wp-embedded-content\" data-secret=\"7DKj0sGI8B\"><a href=\"https:\/\/isfdyt35-bue.infd.edu.ar\/sitio\/regimen-academico-institucional\/\">R\u00e9gimen Acad\u00e9mico Institucional<\/a><\/blockquote><iframe class=\"wp-embedded-content\" sandbox=\"allow-scripts\" security=\"restricted\" style=\"position: absolute; clip: rect(1px, 1px, 1px, 1px);\" title=\"\u00abR\u00e9gimen Acad\u00e9mico Institucional\u00bb \u2014 I.S.F.D. y T. N\u00b0 35 &quot;Prof. Vicente D&#039;Abramo&quot;\" src=\"https:\/\/isfdyt35-bue.infd.edu.ar\/sitio\/regimen-academico-institucional\/embed\/#?secret=I9bcx3PPi7#?secret=7DKj0sGI8B\" data-secret=\"7DKj0sGI8B\" width=\"600\" height=\"338\" frameborder=\"0\" marginwidth=\"0\" marginheight=\"0\" scrolling=\"no\"><\/iframe>\n<\/div><\/figure>\n\n\n\n<figure class=\"wp-block-image size-full\"><img decoding=\"async\" loading=\"lazy\" width=\"912\" height=\"1160\" src=\"https:\/\/isfdyt35-bue.infd.edu.ar\/sitio\/wp-content\/uploads\/2024\/08\/image-1.png\" alt=\"\" class=\"wp-image-7697\" srcset=\"https:\/\/isfdyt35-bue.infd.edu.ar\/sitio\/wp-content\/uploads\/2024\/08\/image-1.png 912w, https:\/\/isfdyt35-bue.infd.edu.ar\/sitio\/wp-content\/uploads\/2024\/08\/image-1-786x1000.png 786w, https:\/\/isfdyt35-bue.infd.edu.ar\/sitio\/wp-content\/uploads\/2024\/08\/image-1-768x977.png 768w\" sizes=\"(max-width: 912px) 100vw, 912px\" \/><\/figure>\n\n\n\n<p>La profesora Micaela Duarte, primera egresada del Profesorado de Historia de nuestro Instituto Superior de Formaci\u00f3n docente y t\u00e9cnica N\u00b0 35 profesor Vicente D&#8217;Abramo,  estamos henchidos de orgullo.<\/p>\n\n\n\n<p><a rel=\"noreferrer noopener\" href=\"https:\/\/drive.google.com\/file\/d\/1AaoM0dEK3Y5Pf7-gD6IOo8fBdO9y7rX5\/view?usp=sharing\" target=\"_blank\">CHARLA INFORMATIVA PROFESORADO DE HISTORIA.-<\/a><\/p>\n\n\n\n<p>Los Profesorados en Historia y en Geograf\u00eda contemplan un primer a\u00f1o de formaci\u00f3n com\u00fan. As\u00ed, al finalizar los dos primeros a\u00f1os de su carrera, los futuros docentes habr\u00e1n transitado por una formaci\u00f3n general con \u00e9nfasis en aspectos pedag\u00f3gicos, did\u00e1cticos y psicol\u00f3gicos y poseer\u00e1n los conocimientos cient\u00edficos b\u00e1sicos para iniciar la formaci\u00f3n espec\u00edfica en una de las disciplinas. En los a\u00f1os siguientes, se ofrecen espacios de formaci\u00f3n complementaria sustanciales para la adecuada formaci\u00f3n en la especialidad elegida, en funci\u00f3n de los requerimientos interdisciplinarios del conocimiento en la actualidad. Tal estructuraci\u00f3n garantiza,<br>simult\u00e1neamente, el dominio de la propia disciplina y la idoneidad del egresado para desempe\u00f1arse en el Tercer Ciclo de EGB, en el \u00c1rea de Ciencias Sociales. La Formaci\u00f3n Docente de Grado en Historia y en Geograf\u00eda para dicho Ciclo y para el Nivel Polimodal implica profundizaci\u00f3n en un saber disciplinar que integra aspectos conceptuales y procedimentales propios de las ciencias hist\u00f3rica y<br>geogr\u00e1fica, respectivamente; introducci\u00f3n en un saber areal integrado por disciplinas tales como Sociolog\u00eda, Econom\u00eda, Antropolog\u00eda y Pol\u00edtica y conocimiento sobre la ense\u00f1anza y el aprendizaje de los contenidos de la disciplina y del \u00e1rea. Resulta relevante para la Formaci\u00f3n Docente el an\u00e1lisis y vinculaci\u00f3n de los conocimientos cient\u00edficos, los saberes escolares y la vida cotidiana. La ense\u00f1anza<br>de la Historia, en consecuencia, procurar\u00e1 el desarrollo de herramientas conceptuales, anal\u00edticas y pr\u00e1cticas que posibiliten al alumno la comprensi\u00f3n de la realidad social inmediata y mediata, tanto en lo relativo a la estructura espacial y los fen\u00f3menos que le han dado lugar cuanto a las relaciones entre el presente y la interpretaci\u00f3n del pasado. Los hechos y procesos sociales, hist\u00f3ricos y espaciales pueden ser considerados seg\u00fan distintas escuelas de pensamiento; cabe esperar, en consecuencia, del futuro docente de Historia, posturas din\u00e1micas, con m\u00faltiples perspectivas para la interpretaci\u00f3n la realidad. En ese marco, es importante que otorgue particular valor a la coherencia entre la postura epistemol\u00f3gica disciplinar en la que sustenta su trabajo y su pr\u00e1ctica en el aula.&nbsp; Geograf\u00eda ha sufrido profundos y complejos cambios en la \u00faltima mitad del siglo. Por una parte, una apertura al an\u00e1lisis de la totalidad de los fen\u00f3menos sociales ha superado los tradicionales marcos pol\u00edticos, militares y diplom\u00e1ticos; por otra, la expansi\u00f3n de la revoluci\u00f3n cient\u00edfico-tecnol\u00f3gica ha generado una nueva organizaci\u00f3n del territorio y del sistema de relaciones internacionales y ha modificado la valoraci\u00f3n de los recursos y del ambiente. Lo que se consideraba inmutable, se concibe, ahora, como una construcci\u00f3n cultural sometida a variaciones en el tiempo y el espacio. Todo ello ha determinado variaciones sustanciales en la concepci\u00f3n de los objetos de estudio, los enfoques y las metodolog\u00edas de estas disciplinas. La renovaci\u00f3n historiogr\u00e1fica ha rescatado como rasgos predominantes de la realidad hist\u00f3rica la complejidad, el conflicto, el cambio, la permanencia. En este enfoque, el sujeto de la historia se identifica con los hombres y mujeres concretos que desarrollan sus acciones en diferentes planos y dimensiones: econ\u00f3mico, social, pol\u00edtico, cultural.<br>En cuanto a Historia, categor\u00edas tales como estructura, proceso, funci\u00f3n y forma resultan claves para un an\u00e1lisis del territorio que supone un enfoque espacial del acontecer social. Mediante la conjunci\u00f3n de los conocimientos particulares de cada disciplina, los de la formaci\u00f3n pedag\u00f3gica y los de la formaci\u00f3n especializada, los futuros docentes de Historia conocer\u00e1n distintos modelos de ense\u00f1anza identificando las concepciones sobre la ciencia, el aprendizaje y la ense\u00f1anza escolar que subyacen en los mismos; organizar\u00e1n secuencias de contenidos y actividades, seleccionar\u00e1n recursos y estrategias de temas transversales.<\/p>\n\n\n\n<p><strong>Horarios de Cursadas: <\/strong>Lunes a viernes 13 a 17 hs, Pr\u00e1cticas en contraturno.-<\/p>\n\n\n\n<p><strong>Contacto de la Carrera: <\/strong>profesoradohistoriaisfd35@gmail.com<\/p>\n\n\n\n<p><strong>Referente de la carrera: <\/strong>Licenciada Mar\u00eda Isabel Wildt<\/p>\n\n\n\n<p><strong>Preceptor:&nbsp;<\/strong> Bibliotecario Leandro Zitelli.<\/p>\n\n\n\n<p><strong>Duraci\u00f3n: <\/strong>4 a\u00f1os Res. N\u00ba 13259\/9<\/p>\n\n\n\n<p><strong>Horarios de Cursadas:<\/strong> lunes a viernes 13 a 17 hs., pr\u00e1cticas en contraturno.-<\/p>\n\n\n\n<p><a href=\"https:\/\/isfdyt35-bue.infd.edu.ar\/sitio\/wp-content\/uploads\/2024\/08\/PROFESORADO-DE-HISTORIA-DISENO-CURRICULAR.pdf\" target=\"_blank\" rel=\"noreferrer noopener\">DISE\u00d1O CURRICULAR PROFESORADO DE HISTORIA<\/a><\/p>\n\n\n\n<p><\/p>\n","protected":false},"excerpt":{"rendered":"<p>CAT\u00c1LOGO DE LA BIBLIOTECA DEL ISFDyT 35 La profesora Micaela Duarte, primera egresada del Profesorado de Historia de nuestro Instituto Superior de Formaci\u00f3n docente y t\u00e9cnica N\u00b0 35 profesor Vicente D&#8217;Abramo, estamos henchidos de orgullo. CHARLA INFORMATIVA PROFESORADO DE HISTORIA.- Los Profesorados en Historia y en Geograf\u00eda contemplan un primer a\u00f1o de formaci\u00f3n com\u00fan. As\u00ed, &#8230; <a title=\"PROFESORADO DE HISTORIA\" class=\"read-more\" href=\"https:\/\/isfdyt35-bue.infd.edu.ar\/sitio\/profesorado-en-historia\/\" aria-label=\"More on PROFESORADO DE HISTORIA\">[+]<\/a><\/p>\n","protected":false},"author":4004,"featured_media":0,"parent":0,"menu_order":0,"comment_status":"closed","ping_status":"closed","template":"","meta":[],"acf":[],"_links":{"self":[{"href":"https:\/\/isfdyt35-bue.infd.edu.ar\/sitio\/wp-json\/wp\/v2\/pages\/1850"}],"collection":[{"href":"https:\/\/isfdyt35-bue.infd.edu.ar\/sitio\/wp-json\/wp\/v2\/pages"}],"about":[{"href":"https:\/\/isfdyt35-bue.infd.edu.ar\/sitio\/wp-json\/wp\/v2\/types\/page"}],"author":[{"embeddable":true,"href":"https:\/\/isfdyt35-bue.infd.edu.ar\/sitio\/wp-json\/wp\/v2\/users\/4004"}],"replies":[{"embeddable":true,"href":"https:\/\/isfdyt35-bue.infd.edu.ar\/sitio\/wp-json\/wp\/v2\/comments?post=1850"}],"version-history":[{"count":14,"href":"https:\/\/isfdyt35-bue.infd.edu.ar\/sitio\/wp-json\/wp\/v2\/pages\/1850\/revisions"}],"predecessor-version":[{"id":8719,"href":"https:\/\/isfdyt35-bue.infd.edu.ar\/sitio\/wp-json\/wp\/v2\/pages\/1850\/revisions\/8719"}],"wp:attachment":[{"href":"https:\/\/isfdyt35-bue.infd.edu.ar\/sitio\/wp-json\/wp\/v2\/media?parent=1850"}],"curies":[{"name":"wp","href":"https:\/\/api.w.org\/{rel}","templated":true}]}}