{"id":1971,"date":"2020-04-06T22:22:54","date_gmt":"2020-04-07T01:22:54","guid":{"rendered":"https:\/\/isfdyt35-bue.infd.edu.ar\/sitio\/?page_id=1971"},"modified":"2020-10-24T17:25:37","modified_gmt":"2020-10-24T20:25:37","slug":"informacion-de-cursada-2020-a-alumnos","status":"publish","type":"page","link":"https:\/\/isfdyt35-bue.infd.edu.ar\/sitio\/informacion-de-cursada-2020-a-alumnos\/","title":{"rendered":"INFORMACI\u00d3N DE CURSADA 2020 A ALUMNOS"},"content":{"rendered":"<p>Estimados alumnos, queremos acercarnos a ustedes, esperando que se encuentren bien junto a sus familias e informarles que a partir de la situaci\u00f3n de emergencia sanitaria, enmarcado en los decretos de Necesidad y Urgencia (DNU 260\/2020) y de Aislamiento social, preventivo y obligatorio (DNU 297\/2020), se informa que en primera instancia la v\u00edas de comunicaci\u00f3n ser\u00e1n en formato digital, hasta que se resuelva la apertura de instituciones educativas.<\/p>\n<p>&nbsp;<\/p>\n<p>La informaci\u00f3n destacada a brindarles es la siguiente:<\/p>\n<p>&nbsp;<\/p>\n<ul>\n<li>Las clases comenzaran el 13 de abril del corriente a\u00f1o, en el caso que las actividades no sean de forma presencial, se est\u00e1n preparando aulas virtuales en la plataforma institucional para las c\u00e1tedras de las carreras. A cada estudiante se le otorgara un usuario y contrase\u00f1a que se le informar\u00e1 mediante correo electr\u00f3nico.<\/li>\n<li>Los medios de consulta son:<\/li>\n<\/ul>\n<p>&nbsp;<\/p>\n<p>&nbsp;<\/p>\n<p>Bibliotecario de Instituciones Educativas: <a href=\"mailto:bibliotecario.inst.educ35@gmail.com\">bibliotecario.inst.educ35@gmail.com<\/a><\/p>\n<p>Prof. de Educaci\u00f3n Primaria Turno Ma\u00f1ana: <a href=\"mailto:peptm.isfd35@gmail.com\">peptm.isfd35@gmail.com<\/a><\/p>\n<p>Prof. de Educaci\u00f3n Primaria Turno Tarde: <a href=\"mailto:primariaturnotardeisfd35@gmail.com\">primariaturnotardeisfd35@gmail.com<\/a><\/p>\n<p>Prof. de Educaci\u00f3n Primaria Turno vespertino: <a href=\"mailto:peptv.isfd35@gmail.com\">peptv.isfd35@gmail.com<\/a><\/p>\n<p>Prof. en Ingl\u00e9s: <a href=\"mailto:franciscasanabriaprofingles@gmail.com\">franciscasanabriaprofingles@gmail.com<\/a><\/p>\n<p>Prof. Educaci\u00f3n Inicial: <a href=\"mailto:juapiccinini1@abc.gob.ar\">juapiccinini1@abc.gob.ar<\/a><\/p>\n<p>Prof. en Biolog\u00eda: <a href=\"https:\/\/forms.gle\/Q4bMkBkFN9v89FCN6\">https:\/\/forms.gle\/Q4bMkBkFN9v89FCN6<\/a><\/p>\n<p>Prof. en Lengua y Literatura: <a href=\"https:\/\/instituto35lyl.blogspot.com\/\">https:\/\/instituto35lyl.blogspot.com\/<\/a><\/p>\n<p>Prof. en Matem\u00e1tica:\u00a0<a href=\"https:\/\/profesoradodematematica35.blogspot.com\/\">https:\/\/profesoradodematematica35.blogspot.com\/<\/a><\/p>\n<p>Prof. en Qu\u00edmica: <a href=\"https:\/\/forms.gle\/Q4bMkBkFN9v89FCN6\">https:\/\/forms.gle\/Q4bMkBkFN9v89FCN6<\/a><\/p>\n<p>Profesorado de Educaci\u00f3n Especial: <a href=\"mailto:especial.isfd35@gmail.com\">especial.isfd35@gmail.com<\/a><\/p>\n<p>Profesorado en geograf\u00eda: <a href=\"mailto:geo.isfd35@gmail.com\">geo.isfd35@gmail.com<\/a><\/p>\n<p>Tecnicatura en Gesti\u00f3n Ambiental y Salud: <a href=\"mailto:tga.isfd35@gmail.com\">tga.isfd35@gmail.com<\/a><\/p>\n<p>Tecnicatura superior en Bibliotecolog\u00eda: <a href=\"mailto:Tecn.sup.bibliotecilogia35@gmail.com\">Tecn.sup.bibliotecilogia35@gmail.com<\/a><\/p>\n<p>&nbsp;<\/p>\n<ul>\n<li>Los ingresantes son inscriptos desde su planilla de inscripci\u00f3n y se les otorgar\u00e1 un usuario para el campus virtual. <strong>NO SE DEBEN REGISTRAR<\/strong>, cualquier necesidad nos comunicaremos con Uds.<\/li>\n<li>Los estudiantes que se encuentren en situaci\u00f3n de recursar primer a\u00f1o e inscribirse en a\u00f1os superiores (2\u00b0, 3\u00b0 y 4\u00b0) env\u00eden su planilla de inscripci\u00f3n o datos a los correos o link mencionados, soliciten modelos o informaci\u00f3n en los mismos. Sabemos que este proceso se encuentra encaminado, solo se refuerza la informaci\u00f3n.<\/li>\n<li>Los cursos de apertura, 1\u00b0 a\u00f1o de tronco com\u00fan de Hist y Geo (Profesorado de Historia), 1\u00b0 a\u00f1o de tronco com\u00fan de F\u00edsica, Bio. y Qu\u00edm. (Profesorado de F\u00edsica) turno ma\u00f1ana, y 1\u00b0 de Prof. de Educaci\u00f3n Inicial (turno tarde) se deber\u00e1 esperar a poder realizar la designaci\u00f3n de docentes para la apertura de clases. NOS COMUNICAREMOS CON UDS. CON LAS NOVEDADES CORRESPONDIENTES.<\/li>\n<li>En cuanto a las mesas examinadoras, las mismas se reprogramar\u00e1n a partir de que se realice el levantamiento de la medida de Emergencia Sanitaria y pueda hacerse en forma presencial.<\/li>\n<li>En relaci\u00f3n a equivalencias, por el momento quedan a la espera de tramitarse en forma presencial, en el caso de resolver otro procedimiento les informaremos oportunamente.<\/li>\n<li>Consecuentemente los estudiantes que soliciten ser inscriptos en materias que sean afectadas por correlatividades de las mesas examinadoras de segundo llamado (si corresponde) podr\u00e1n inscribirse en forma condicional hasta resolver las instancias adeudadas. Se destaca que en el caso de no acreditar su correlatividad correspondiente, no se podr\u00e1 continuar con la cursada condicional.<\/li>\n<li>En lo que respecta a equivalencias, si se desea se podr\u00e1 inscribir y cursar la materia que se desea acreditar por equivalencia hasta tanto la misma sea otorgada de forma total, en el caso que sea otorgada en forma parcial deber\u00e1 esperar las instancias evaluativas correspondientes hasta acreditar por equivalencia o no; si la equivalencia fuera rechazada podr\u00e1 continuar cursando como alumno regular. En el caso de no inscribirse a la misma se deber\u00e1 esperar la resoluci\u00f3n de la equivalencia para continuar con su trayectoria educativa.<\/li>\n<li>Por \u00faltimo conocemos las problem\u00e1ticas que pueden surgir a partir de la conectividad, situaciones respecto a posibilidades de conexi\u00f3n, datos m\u00f3viles, uso de PC, etc. Si tienen alguna dificultad con el procedimiento utilizado por favor comun\u00edquenlo con los contactos referidos que se abrir\u00e1n la posibilidad de otros medios de comunicaci\u00f3n para estos casos.<\/li>\n<\/ul>\n<p>&nbsp;<\/p>\n<p>Adem\u00e1s queremos comunicarles que nos encontraremos por este medio para canalizar sus inquietudes y encontrar la soluci\u00f3n a las situaciones emergentes que nos puedan acontecer, enmarc\u00e1ndonos en este contexto in\u00e9dito y extraordinario que nos toca atravesar, para acompa\u00f1arlos en sus trayectorias educativas formando parte importante y fundamental de este Instituto Superior de Formaci\u00f3n Docente y T\u00e9cnica, como hasta el momento.<\/p>\n<p>Saludos cordiales.<\/p>\n<p>&nbsp;<\/p>\n<p>EQUIPO DIRECTIVO.<\/p>\n<p>&nbsp;<\/p>\n<p>&nbsp;<\/p>\n<p>&nbsp;<\/p>\n<p>&nbsp;<\/p>\n","protected":false},"excerpt":{"rendered":"<p>Estimados alumnos, queremos acercarnos a ustedes, esperando que se encuentren bien junto a sus familias e informarles que a partir de la situaci\u00f3n de emergencia sanitaria, enmarcado en los decretos de Necesidad y Urgencia (DNU 260\/2020) y de Aislamiento social, preventivo y obligatorio (DNU 297\/2020), se informa que en primera instancia la v\u00edas de comunicaci\u00f3n &#8230; <a title=\"INFORMACI\u00d3N DE CURSADA 2020 A ALUMNOS\" class=\"read-more\" href=\"https:\/\/isfdyt35-bue.infd.edu.ar\/sitio\/informacion-de-cursada-2020-a-alumnos\/\" aria-label=\"More on INFORMACI\u00d3N DE CURSADA 2020 A ALUMNOS\">[+]<\/a><\/p>\n","protected":false},"author":4004,"featured_media":0,"parent":0,"menu_order":0,"comment_status":"closed","ping_status":"closed","template":"","meta":[],"acf":[],"_links":{"self":[{"href":"https:\/\/isfdyt35-bue.infd.edu.ar\/sitio\/wp-json\/wp\/v2\/pages\/1971"}],"collection":[{"href":"https:\/\/isfdyt35-bue.infd.edu.ar\/sitio\/wp-json\/wp\/v2\/pages"}],"about":[{"href":"https:\/\/isfdyt35-bue.infd.edu.ar\/sitio\/wp-json\/wp\/v2\/types\/page"}],"author":[{"embeddable":true,"href":"https:\/\/isfdyt35-bue.infd.edu.ar\/sitio\/wp-json\/wp\/v2\/users\/4004"}],"replies":[{"embeddable":true,"href":"https:\/\/isfdyt35-bue.infd.edu.ar\/sitio\/wp-json\/wp\/v2\/comments?post=1971"}],"version-history":[{"count":6,"href":"https:\/\/isfdyt35-bue.infd.edu.ar\/sitio\/wp-json\/wp\/v2\/pages\/1971\/revisions"}],"predecessor-version":[{"id":2326,"href":"https:\/\/isfdyt35-bue.infd.edu.ar\/sitio\/wp-json\/wp\/v2\/pages\/1971\/revisions\/2326"}],"wp:attachment":[{"href":"https:\/\/isfdyt35-bue.infd.edu.ar\/sitio\/wp-json\/wp\/v2\/media?parent=1971"}],"curies":[{"name":"wp","href":"https:\/\/api.w.org\/{rel}","templated":true}]}}