{"id":2981,"date":"2021-07-15T22:31:50","date_gmt":"2021-07-16T01:31:50","guid":{"rendered":"https:\/\/isfdyt35-bue.infd.edu.ar\/sitio\/?page_id=2981"},"modified":"2022-03-16T19:49:48","modified_gmt":"2022-03-16T22:49:48","slug":"cipes-coordinador-institucional-de-politicas-estudiantiles","status":"publish","type":"page","link":"https:\/\/isfdyt35-bue.infd.edu.ar\/sitio\/cipes-coordinador-institucional-de-politicas-estudiantiles\/","title":{"rendered":"CIPEs (Coordinador Institucional de Pol\u00edticas Estudiantiles)"},"content":{"rendered":"\n<p>COORDINACI\u00d3N INSTITUCIONAL DE POLITICAS ESTUDIANTILES<\/p>\n\n\n\n<p>Los Coordinadores Institucionales de Pol\u00edticas Estudiantiles (CIPEs) son parte de una estrategia del Instituto Nacional de Formaci\u00f3n Docente del Ministerio de Educaci\u00f3n y Deportes de la Naci\u00f3n en acuerdo federal con las Jurisdicciones para motorizar y llevar adelante el fortalecimiento de las trayectorias estudiantiles. Los CIPEs cumplen una funci\u00f3n central acompa\u00f1ando la generaci\u00f3n de condiciones institucionales que alienten la participaci\u00f3n de las distintas voces, el di\u00e1logo entre los estudiantes, entre estudiantes y profesores, entre estudiantes y directivos, y tambi\u00e9n en estrechar el v\u00ednculo entre el instituto y el resto de la comunidad. En este sentido, los CIPEs conforman el equipo ampliado de Pol\u00edticas Estudiantiles tanto del INFD como de la Direcci\u00f3n Provincial de Educaci\u00f3n Superior, y su figura adquiere un lugar estrat\u00e9gico para los institutos y el sistema educativo en su conjunto, teniendo en cuenta que un docente formado en una matriz democr\u00e1tica es un agente democratizador en el ejercicio diario de su profesi\u00f3n. Entre otras responsabilidades a su cargo se encuentran el contralor de la regularidad de los alumnos para la solicitud de las becas estudiantiles, tales como <a href=\"https:\/\/abc.gob.ar\/secretarias\/noticias\/subsecretaria-de-educacion\/educacion-secundaria\/educacion-secundaria\/progresar-2022\" target=\"_blank\" rel=\"noreferrer noopener\">PROGRESAR.<\/a><\/p>\n\n\n\n<p>CIPE ANDINO NATACHA<\/p>\n\n\n\n<p>CIPE GOMEZ GUSTAVO<\/p>\n\n\n\n<p>CIPE DIEGO LEGUIZA<\/p>\n\n\n\n<figure class=\"wp-block-image size-large\"><img decoding=\"async\" loading=\"lazy\" width=\"993\" height=\"363\" src=\"https:\/\/isfdyt35-bue.infd.edu.ar\/sitio\/wp-content\/uploads\/2022\/03\/image-1.jpeg\" alt=\"\" class=\"wp-image-4320\" srcset=\"https:\/\/isfdyt35-bue.infd.edu.ar\/sitio\/wp-content\/uploads\/2022\/03\/image-1.jpeg 993w, https:\/\/isfdyt35-bue.infd.edu.ar\/sitio\/wp-content\/uploads\/2022\/03\/image-1-768x281.jpeg 768w\" sizes=\"(max-width: 993px) 100vw, 993px\" \/><\/figure>\n\n\n\n<p>Consultas: <a rel=\"noreferrer noopener\" href=\"mailto:becasprogresarinstituto35@gmail.com\" target=\"_blank\">becasprogresarinstituto35@gmail.com<\/a><\/p>\n\n\n\n<figure class=\"wp-block-image size-large\"><img decoding=\"async\" loading=\"lazy\" width=\"220\" height=\"229\" src=\"https:\/\/isfdyt35-bue.infd.edu.ar\/sitio\/wp-content\/uploads\/2022\/03\/image-2.jpeg\" alt=\"\" class=\"wp-image-4364\"\/><\/figure>\n\n\n\n<p><a rel=\"noreferrer noopener\" href=\"https:\/\/forms.gle\/k8igK8ns6vt7K9Ly7\" target=\"_blank\">FORMULARIO DE CERTIFICACI\u00d3N DE MATERIAS<\/a><\/p>\n\n\n\n<p>La certificaci\u00f3n de materias y\/o condici\u00f3n de alumno del Instituto es una instancia de log\u00edstica que realizan los CIPEs para corroborar con la documentaci\u00f3n obrante en el Instituto la veracidad de los datos cargados al solicitar la Beca y evitar as\u00ed ser rechazados por ANSES.<\/p>\n\n\n\n<p>Mail para otras consultas sobre CIPEs&nbsp;<a href=\"mailto:cipesisfdyt35@gmail.com\">cipesisfdyt35@gmail.com<\/a><\/p>\n\n\n\n<figure class=\"wp-block-embed is-type-video is-provider-youtube wp-block-embed-youtube wp-embed-aspect-16-9 wp-has-aspect-ratio\"><div class=\"wp-block-embed__wrapper\">\n<iframe loading=\"lazy\" title=\"C\u00f3mo inscribirte en Progresar Nivel Superior\" width=\"1200\" height=\"675\" src=\"https:\/\/www.youtube.com\/embed\/_8bDWQdMa0Q?feature=oembed\" frameborder=\"0\" allow=\"accelerometer; autoplay; clipboard-write; encrypted-media; gyroscope; picture-in-picture; web-share\" referrerpolicy=\"strict-origin-when-cross-origin\" allowfullscreen><\/iframe>\n<\/div><\/figure>\n\n\n\n<p><\/p>\n\n\n\n<p><\/p>\n\n\n\n<p><\/p>\n","protected":false},"excerpt":{"rendered":"<p>COORDINACI\u00d3N INSTITUCIONAL DE POLITICAS ESTUDIANTILES Los Coordinadores Institucionales de Pol\u00edticas Estudiantiles (CIPEs) son parte de una estrategia del Instituto Nacional de Formaci\u00f3n Docente del Ministerio de Educaci\u00f3n y Deportes de la Naci\u00f3n en acuerdo federal con las Jurisdicciones para motorizar y llevar adelante el fortalecimiento de las trayectorias estudiantiles. Los CIPEs cumplen una funci\u00f3n central &#8230; <a title=\"CIPEs (Coordinador Institucional de Pol\u00edticas Estudiantiles)\" class=\"read-more\" href=\"https:\/\/isfdyt35-bue.infd.edu.ar\/sitio\/cipes-coordinador-institucional-de-politicas-estudiantiles\/\" aria-label=\"More on CIPEs (Coordinador Institucional de Pol\u00edticas Estudiantiles)\">[+]<\/a><\/p>\n","protected":false},"author":4004,"featured_media":0,"parent":0,"menu_order":0,"comment_status":"closed","ping_status":"closed","template":"","meta":[],"acf":[],"_links":{"self":[{"href":"https:\/\/isfdyt35-bue.infd.edu.ar\/sitio\/wp-json\/wp\/v2\/pages\/2981"}],"collection":[{"href":"https:\/\/isfdyt35-bue.infd.edu.ar\/sitio\/wp-json\/wp\/v2\/pages"}],"about":[{"href":"https:\/\/isfdyt35-bue.infd.edu.ar\/sitio\/wp-json\/wp\/v2\/types\/page"}],"author":[{"embeddable":true,"href":"https:\/\/isfdyt35-bue.infd.edu.ar\/sitio\/wp-json\/wp\/v2\/users\/4004"}],"replies":[{"embeddable":true,"href":"https:\/\/isfdyt35-bue.infd.edu.ar\/sitio\/wp-json\/wp\/v2\/comments?post=2981"}],"version-history":[{"count":11,"href":"https:\/\/isfdyt35-bue.infd.edu.ar\/sitio\/wp-json\/wp\/v2\/pages\/2981\/revisions"}],"predecessor-version":[{"id":7455,"href":"https:\/\/isfdyt35-bue.infd.edu.ar\/sitio\/wp-json\/wp\/v2\/pages\/2981\/revisions\/7455"}],"wp:attachment":[{"href":"https:\/\/isfdyt35-bue.infd.edu.ar\/sitio\/wp-json\/wp\/v2\/media?parent=2981"}],"curies":[{"name":"wp","href":"https:\/\/api.w.org\/{rel}","templated":true}]}}